r of 330 and 48.
6
Calculate the greatest common factor of 177 and 59.
59
Calculate the highest common factor of 310 and 10.
10
Calculate the greatest common divisor of 34 and 255.
17
What is the highest common divisor of 155 and 10?
5
Calculate the greatest common factor of 50 and 280.
10
What is the greatest common divisor of 1508 and 104?
52
Calculate the highest common divisor of 1003 and 51.
17
Calculate the greatest common divisor of 782 and 46.
46
What is the highest common divisor of 106 and 742?
106
Calculate the greatest common factor of 162 and 6.
6
What is the greatest common divisor of 1541 and 138?
23
What is the greatest common divisor of 26250 and 15?
15
What is the greatest common divisor of 115 and 20?
5
What is the greatest common divisor of 1072 and 112?
16
Calculate the greatest common divisor of 215 and 25.
5
Calculate the highest common factor of 56 and 1568.
56
Calculate the highest common factor of 34 and 5882.
34
What is the greatest common factor of 83 and 2241?
83
What is the highest common divisor of 120 and 18?
6
What is the greatest common divisor of 235 and 85?
5
Calculate the greatest common factor of 606 and 707.
101
What is the highest common divisor of 1677 and 1806?
129
Calculate the greatest common factor of 1035 and 315.
45
Calculate the highest common divisor of 18 and 16677.
9
What is the greatest common factor of 667 and 29?
29
Calculate the highest common factor of 754 and 182.
26
Calculate the highest common divisor of 10 and 12.
2
What is the greatest common factor of 129 and 3?
3
What is the highest common factor of 198 and 18?
18
What is the greatest common factor of 840 and 120?
120
What is the highest common divisor of 210 and 30?
30
Calculate the highest common factor of 18 and 1926.
18
What is the highest common divisor of 20 and 160?
20
Calculate the greatest common divisor of 38 and 38.
38
What is the highest common factor of 260 and 8710?
130
Calculate the greatest common divisor of 40 and 9560.
40
Calculate the highest common factor of 172 and 774.
86
What is the greatest common divisor of 776 and 16?
8
What is the greatest common factor of 4 and 13?
1
What is the greatest common factor of 749 and 322?
7
Calculate the highest common factor of 67 and 3953.
67
Calculate the greatest common divisor of 570 and 35.
5
What is the greatest common divisor of 152 and 28?
4
What is the greatest common factor of 48 and 240?
48
What is the highest common divisor of 295 and 177?
59
What is the highest common factor of 3 and 117?
3
Calculate the greatest common factor of 266 and 38.
38
Calculate the highest common factor of 559 and 39.
13
What is the greatest common divisor of 2052 and 4644?
108
Calculate the highest common divisor of 7 and 26.
1
What is the greatest common divisor of 17 and 4?
1
What is the greatest common factor of 180 and 8?
4
What is the greatest common divisor of 1475 and 75?
25
What is the greatest common divisor of 143 and 55?
11
What is the greatest common divisor of 498 and 14691?
249
What is the highest common divisor of 21 and 14?
7
What is the greatest common divisor of 2124 and 12?
12
What is the highest common divisor of 671 and 297?
11
What is the highest common factor of 5536 and 173?
173
What is the highest common divisor of 6460 and 285?
95
What is the highest common divisor of 18 and 2322?
18
What is the greatest common divisor of 7273 and 7?
7
Calculate the highest common factor of 6 and 474.
6
What is the highest common divisor of 5607 and 63?
63
Calculate the greatest common factor of 19 and 1539.
19
What is the greatest common factor of 20 and 710?
10
Calculate the greatest common divisor of 13 and 949.
13
What is the greatest common factor of 740 and 148?
148
Calculate the greatest common divisor of 36 and 684.
36
What is the greatest common divisor of 12604 and 138?
46
Calculate the highest common divisor of 516 and 5289.
129
Calculate the greatest common factor of 119 and 14.
7
Calculate the greatest common factor of 110 and 1045.
55
What is the greatest common divisor of 45 and 3240?
45
What is the greatest common divisor of 165 and 765?
15
What is the greatest common divisor of 650 and 182?
26
What is the highest common factor of 336 and 162?
6
Calculate the highest common divisor of 60 and 1230.
30
Calculate the highest common divisor of 480 and 16.
16
What is the highest common divisor of 7076 and 145?
29
What is the greatest common divisor of 1044 and 6?
6
What is the greatest common factor of 17882 and 2?
2
What is the greatest common factor of 34 and 85?
17
Calculate the greatest common divisor of 220 and 209.
11
What is the greatest common divisor of 3 and 141?
3
Calculate the greatest common factor of 86 and 3483.
43
What is the greatest common divisor of 213 and 1704?
213
Calculate the highest common factor of 247 and 3796.
13
Calculate the highest common divisor of 568 and 213.
71
What is the greatest common factor of 20 and 620?
20
Calculate the greatest common factor of 568 and 8.
8
Calculate the highest common divisor of 28 and 756.
28
What is the highest common factor of 889 and 127?
127
Calculate the highest common divisor of 54 and 864.
54
What is the highest common factor of 21 and 49?
7
Calculate the highest common factor of 21 and 357.
21
What is the greatest common factor of 455 and 1715?
35
Calculate the highest common factor of 551 and 38.
19
Calculate the highest common divisor of 304 and 16.
16
What is the greatest common divisor of 273 and 702?
39
What is the highest common divisor of 38 and 48754?
38
What is the greatest common factor of 63 and 2037?
21
What is the greatest common divisor of 156 and 48?
12
Calculate the highest common divisor of 162 and 12.
6
What is the highest common factor of 1352 and 3536?
104
Calculate the greatest common divisor of 67 and 9.
1
Calculate the highest common factor of 175 and 75.
25
Calculate the greatest common factor of 12 and 402.
6
What is the greatest common divisor of 104 and 4628?
52
Calculate the greatest common factor of 76 and 140.
4
What is the highest common factor of 1443 and 111?
111
What is the greatest common divisor of 1309 and 99?
11
What is the highest common factor of 918 and 34?
34
What is the highest common divisor of 4893 and 21?
21
What is the highest common factor of 32 and 3340?
4
Calculate the highest common divisor of 7 and 217.
7
Calculate the highest common divisor of 5 and 515.
5
Calculate the highest common factor of 328 and 12.
4
Calculate the greatest common factor of 72 and 81.
9
What is the highest common divisor of 212 and 24910?
106
Calculate the highest common factor of 56 and 272.
8
What is the highest common factor of 225 and 75?
75
Calculate the highest common factor of 173 and 7.
1
Calculate the highest common divisor of 9 and 279.
9
What is the highest common factor of 21 and 15?
3
Calculate the greatest common divisor of 12 and 186.
6
What is the greatest common factor of 5 and 85?
5
Calculate the highest common factor of 1854 and 54.
18
What is the highest common factor of 21 and 9751?
7
What is the highest common divisor of 39 and 221?
13
What is the highest common factor of 130 and 6370?
130
What is the greatest common factor of 90893 and 11?
11
What is the greatest common divisor of 728 and 20?
4
Calculate the highest common divisor of 35 and 280.
35
Calculate the highest common divisor of 2272 and 71.
71
What is the highest common divisor of 11 and 143?
11
Calculate the highest common divisor of 47893 and 47.
47
What is the highest common factor of 319 and 203?
29
What is the highest common divisor of 50 and 10?
10
Calculate the greatest common factor of 4 and 480.
4
What is the greatest common factor of 29907 and 9?
9
Calculate the highest common divisor of 187 and 88.
11
Calculate the greatest common factor of 1752 and 1416.
24
What is the highest common divisor of 8229 and 78?
39
What is the highest common divisor of 99 and 363?
33
What is the greatest common factor of 14 and 518?
14
What is the greatest common factor of 30 and 6?
6
What is the highest common divisor of 18194 and 55?
11
Calculate the highest common divisor of 22 and 418.
22
Calculate the greatest common divisor of 216 and 24.
24
Calculate the greatest common factor of 35 and